erivative of -j**3/6 - 3*j**2 + 16*j. What is the units digit of i(u)?
3
Let m be ((-16)/(-10))/(7/70). Let w = 0 + m. What is the tens digit of w?
1
Suppose 3*f - 5*q = 6*f - 414, 5*f - 2*q = 721. What is the units digit of f?
3
Let x(k) = -11*k - 3. Let m be x(-6). Let z = m + -31. What is the units digit of z?
2
Suppose -3*a - 5*d - 24 + 102 = 0, -3*a + 72 = 3*d. What is the tens digit of a?
2
Let z = 35 + -2. What is the units digit of z?
3
Let d(c) = -c**3 + 8*c**2 - 3*c - 6. What is the units digit of d(7)?
2
Suppose -2*w - 9*w = -11. What is the units digit of w?
1
What is the hundreds digit of 6/(-36) + 2198/12?
1
Let y = 11 - -15. Suppose -q = q - y. What is the units digit of q?
3
Suppose 0*a - 2*a = -24. What is the tens digit of a?
1
Let y be 51/7 - (-2)/(-7). Suppose 8*g - 15 = -47. Let n = y + g. What is the units digit of n?
3
Let w = 5 - 4. What is the units digit of (w/2)/(12/192)?
8
Let k be 11/44 + (-41)/4. Let a = k - -13. What is the units digit of a?
3
Let m = -4 + 6. Suppose m*b = -4*s + 28, -1 = -3*b + 3*s + 86. What is the units digit of b?
4
Suppose -5*m + 15 = y, 0 = -2*m - 3*y - y + 24. Suppose -4*d = -4*x + 52, 2*d + 0 + m = 0. What is the units digit of x?
2
Suppose -57 = 4*p + 23. What is the tens digit of p*2/(-4) - 0?
1
Let t be 6/24 - (-7)/4. Let c(r) = 3*r**2 - 1 - r**3 - r**2 + 4*r - 2. What is the units digit of c(t)?
5
Let i(g) = -3*g. Let m be i(-1). Let y be m/(-3)*(-9)/3. Suppose -30 = -2*z - y*a - a, 3*a = 12. What is the units digit of z?
7
Let c be 14/(-21)*(-81)/2. Suppose -2*f = -f - c. What is the units digit of f?
7
Let v(x) = 3*x + 1. Let u(w) = w. Let q(g) = -5*u(g) + v(g). Let h = -31 + 26. What is the tens digit of q(h)?
1
Suppose 0 = -h + 2, 0 = 3*t - 2*h - 2*h + 5. What is the units digit of t?
1
Let h = -100 - -233. What is the hundreds digit of h?
1
Let r(v) = 2*v**3 - 3*v**2 + v - 1. Let x be r(2). Suppose -4*k - 4*h + 3 + 1 = 0, -x*k + 4*h = 22. What is the units digit of k/(-1 + 3/6)?
4
Let i(l) = l**2 + 3*l + 1. Let y(c) = -3*c - 1. Let d be y(1). Let u be i(d). Suppose -3*n + u*n = 8. What is the units digit of n?
4
Suppose -3*t + 936 - 189 = 0. What is the tens digit of t?
4
Suppose p - 4*i = 107, -p - 149 = -3*p - 5*i. What is the units digit of p?
7
What is the hundreds digit of ((-6)/18)/(2/(-1002))?
1
Let o = -9 - -5. Let p = o - -8. What is the units digit of p?
4
Let h(f) = 2*f**3 - 2*f**2 - 1. Let k be h(2). Let j(o) = o**2 - 6*o. What is the units digit of j(k)?
7
Let f be (-45)/(-6)*6/9. Suppose -f*l = 57 - 177. What is the tens digit of l?
2
Suppose 3*k + 49 = 3*s - 50, -3*s + 81 = 3*k. Suppose -t + 3*t - s = 0. Suppose 0*r = -3*r - 4*g + t, g + 10 = 2*r. What is the units digit of r?
5
Let y(z) = 3*z**2 - z - 1. Let b be y(-1). Suppose b*c - 4*c - 3*s + 2 = 0, 3*c - 2*s - 17 = 0. What is the units digit of c?
5
Suppose -4*h = 12, -238 = -5*q - 4*h - 0*h. What is the tens digit of q?
5
Let q(z) = 23*z + 5. What is the tens digit of q(2)?
5
Suppose 0 = -0*x - x. Suppose -3*t + 78 = -x*t. Let c = 36 - t. What is the units digit of c?
0
Let a be (-1)/(3 + 321/(-108)). What is the units digit of 212/18 + (-8)/a?
2
Let u be 74/3 - (-4)/(-6). Suppose 2*v - u = 2. What is the tens digit of v?
1
What is the tens digit of (-2*(-1)/(-4))/(6/(-324))?
2
Let x(u) = -2*u + 1. Suppose 10 - 35 = 5*c. What is the units digit of x(c)?
1
Let r be (3 - (-3)/3)/2. Suppose -4*x + 10 = -r. Suppose 4 = c - x. What is the units digit of c?
7
Let l = -4 + 3. Let x be l/(2/4 + -1). Suppose -5*j - x = -3*o, 2*o - 7 = -j + 3. What is the units digit of j?
2
Let l(r) = -1 + 3*r + 7*r**3 + 27*r**3 + 13*r**3 + 2*r**3 - r**2. What is the tens digit of l(1)?
5
Suppose 0 = -w + 6 - 1. Suppose -v = 4*m - 106, 5*m + w*v - 125 = -0*v. What is the units digit of m?
7
Suppose 2*p - 4*p = 2*i - 158, -2*p = 4*i - 324. What is the tens digit of i?
8
Suppose 0 = -3*r + 293 - 98. What is the tens digit of r?
6
Let t(c) = -c**2 + 7*c - 1. Let r be t(6). Suppose -b - 1 = r*w - 37, b = w + 6. What is the units digit of b?
1
Let t(p) = p**2 + 4*p - 4. Let a = 2 + -7. Let g be t(a). Let z(s) = 7*s - 1. What is the units digit of z(g)?
6
Let c(m) = -m**3 + 2*m**2 + 3*m + 4. Let h be c(3). Let u(q) be the second derivative of q**3/6 - q**2 - 2*q. What is the units digit of u(h)?
2
Suppose -4*c + 35 = -2*s + 5*s, 0 = 5*c + 3*s - 40. What is the units digit of 51*2/(c - -1)?
7
Suppose 9*z = 5*z + 84. What is the units digit of z?
1
Suppose k + 53 + 44 = 0. Let o = -69 - k. What is the tens digit of o?
2
What is the units digit of (-63)/(-12) + 1/(-4)?
5
Let b = 337 + -40. What is the hundreds digit of b?
2
Let g(h) = h - 4. Let q be g(5). Let m = 9 - q. What is the units digit of m?
8
Let i(a) = a**2 - 9*a + 3. Let c be i(9). Let t = c + -4. Let n = 14 + t. What is the tens digit of n?
1
Suppose -3*d + 2*d = -3. Suppose d*i = 4*l + 42, 0*l = -5*i + l + 53. What is the units digit of i?
0
Suppose -3*q + q - 82 = -2*g, 3*g + 3*q - 117 = 0. What is the units digit of g?
0
Suppose -4*b + 37 = 1. Suppose 0 = -3*g + 24 - 6. Let a = b - g. What is the units digit of a?
3
Suppose -55 = -3*y + 3*c - 7, -2*y + 7 = 3*c. What is the tens digit of y?
1
Suppose 2*w - 3 = -5*y - 0*y, 2*y = w - 15. What is the units digit of w?
9
Let w(z) = z**3 - 7*z**2 + 9*z - 2. Let v be w(6). What is the tens digit of ((-5)/(-2))/(4/v)?
1
Suppose 7*j - 2*j - 8 = -2*c, -j - 2*c = 0. Suppose -5*h + h = a - j, -15 = 3*h. What is the units digit of a?
2
Let l(k) = 18*k + 2. Let y be l(2). Let n = y + -21. What is the units digit of n?
7
Suppose 3*q - q - 2*d = -10, 0 = 4*q - 2*d + 14. Let u be q/7 - 102/(-14). Let c(s) = s - 1. What is the units digit of c(u)?
6
Let i = -12 - -7. Let m(z) = -z**3 - 6*z**2 - 8*z - 7. Let w be m(i). Suppose -3*h + w = -2*h. What is the units digit of h?
8
Suppose 5*c = 0, c = -q - 4*c - 6. Let k = 2 + q. Let r = k - -6. What is the units digit of r?
2
Let h(l) be the third derivative of 0*l - 3*l**2 + 1/6*l**3 + 0 + 1/24*l**4. What is the units digit of h(3)?
4
Suppose -b - 2*b = -114. What is the tens digit of b?
3
Let k(m) be the first derivative of -7/2*m**2 - 1/4*m**4 + 3 - 10*m + 10/3*m**3. What is the units digit of k(9)?
8
Let x = -8 - -6. Let w = x + 10. What is the units digit of w?
8
Suppose 0*x + 14 = 2*t - 2*x, 4*t - 3*x = 30. Let q(s) = s**2 + 10*s + 20. Let f be q(-8). Let c = t - f. What is the units digit of c?
5
Let h be (-1)/(1/(5 + 1)). Let s(k) = 3*k + 6. Let j(p) = -4*p - 7. Let y(x) = h*j(x) - 7*s(x). What is the units digit of y(2)?
6
Suppose 0 = 5*v - 171 - 289. What is the units digit of v?
2
Let r(c) = -c - 2. Let p be r(-4). Suppose 20 = 2*h - p*i - 0, 2*h - 25 = 3*i. What is the units digit of h?
5
Let u(n) = n**3 + 10*n**2 + 2*n. Let p be u(-9). Suppose -v = 5*a - 3*v - p, 0 = -4*a - v + 40. What is the tens digit of a?
1
Suppose v - 38 = n, 4*n - 15 = -v + 33. What is the tens digit of v?
4
Suppose -176 = -4*i + 4*k, -i + 53 = -0*i - 4*k. Let a = i - 27. What is the units digit of a?
4
Suppose 5*t - 2*h = 3*h + 40, -4*h = 12. What is the units digit of t?
5
Suppose -d = -1 - 4. Suppose n = -d*l + 24, -3*n - 4*l - 28 + 100 = 0. What is the units digit of n?
4
Let f(d) = -d**3 - 6*d**2 + 6*d - 1. Let m be f(-7). Suppose 4*v = v + m. Let y = v + 6. What is the units digit of y?
8
Let f = -6 + 7. What is the tens digit of 12*f*6/4?
1
Suppose 0 = 3*t - 218 - 154. What is the tens digit of t?
2
Let u(j) = 14*j - 23. What is the units digit of u(16)?
1
Let q(u) = -u**3 - 12*u**2 - 6*u + 8. Let t be q(-11). Let i = -17 - t. What is the tens digit of i?
3
Let n = 7 + -1. Let p = -5 + n. What is the units digit of 6*(p/1)/3?
2
Let x(c) = -3*c - 4. Let l be x(14). Let u = 81 + l. What is the units digit of u?
5
Let b(d) = d + 13. Let g be b(-6). Let u(x) = -2*x**2 + 10*x - 2*x - 15 + 14*x**2 - x**3 + g*x. What is the units digit of u(13)?
1
Let d(o) be the third derivative of 0*o**4 + 0 - 3*o**2 + 1/6*o**3 - 1/12*o**6 + 0*o**5 + 0*o. What is the tens digit of d(-1)?
1
Suppose -g + 6*g = 4*p - 14, -5*p = 3*g + 1. Let w(u) = -u**3 + 8*u**2 + u - 9. Let v be w(8). What is the units digit of (v - 0)/(g/14)?
7
Let v = 0 + 2. Let a = v - -12. What is the tens digit of a?
1
Suppose 0*k + 3*k = 27. Let z(q) = 4